11
What is the value of 27 + (11 - (-18 + 35))?
21
-14 + 41 + -16 + -7
4
Calculate -36 + -4 + 16 + 37.
13
What is the value of 19 + -26 + -3 + (-4 - -5)?
-9
What is 4 - 0 - (2621 - 2602)?
-15
Evaluate 3 + (2 - (5 - -17)).
-17
Calculate 14 + (-25 + 20 - (-2 - -3)) - 1.
7
Evaluate -9 + -9 + 52 - 14.
20
What is the value of 638 + -636 + 1 + -1?
2
Calculate -20 + (5 - (19 + -4) - -16).
-14
Evaluate (-13 - -1) + (-186 - -190).
-8
Calculate -5 - (43 + -47 + (2 + 0 - 0)).
-3
What is (-3 - -6) + 2 + -8 + -5?
-8
What is (-1 - 0 - 5) + 119 + -100?
13
What is the value of ((-18 - -27) + -4 + 0 - 11) + 1?
-5
What is 0 + -1 + -7 - (-3 + 3 + -5)?
-3
Evaluate 2 - (-168 + 164 - (1 + -26)).
-19
8 + 23 + 27 + -79
-21
Evaluate -10 - (5 - 21 - (-43 + 18)).
-19
Calculate -18 - 2 - (90 - 118).
8
What is (-5 - (-10 + -3 + 8)) + 0 + -9?
-9
What is the value of (12 + -2 - (76 - 80)) + -1 + 0?
13
What is the value of -23 - (-4 - 15) - (2 - (12 - 1))?
5
10 + 8 + -60 + 30
-12
What is the value of 9 + (-3 - 16) + 10 - 26?
-26
Evaluate -19 - (5 + -8) - (-6 - -4).
-14
Calculate 19 - (20 - (-18 + 23)).
4
What is -5 - (-11 - (18 - (12 - -2)))?
10
What is the value of 21 + -4 + -12 + -7?
-2
What is the value of -5 + 33 + 2 + -23?
7
(-2 - -7) + (5 - 8) + 4 + 2
8
What is the value of 7 + -1 - (8 - (3 + -12))?
-11
Evaluate -51 + 60 - (1 - -1 - 17 - -2).
22
What is (-108 - -71 - (-2 + -6)) + 6?
-23
-12 + 8 - (4 + -4 + -4)
0
Evaluate 1 + -5 + 0 - (3 - 14) - 30.
-23
What is the value of -5 - (-4 - -2) - (210 + -220)?
7
Calculate -7 - ((6 - 7 - 6) + -17).
17
Evaluate 1 + 3 - -19 - (19 + -17) - -4.
25
-4 - (-1 - (2 - (10 - 3)))
-8
-44 - (-5 + -47 + 28)
-20
What is the value of 10 - (10 + 68 - 34)?
-34
-2 + -7 - (-538 + 542)
-13
What is 2 + -2 + (-1 - 2) + 3 - -6?
6
12 - (-9 - (17 + -34))
4
Evaluate -668 - -667 - ((18 - 0) + 0 + 2).
-21
Evaluate 4 + 14 + (13 - 20).
11
-3 + (1 - -6 - 5) - (7 + -5)
-3
What is the value of -9 + (25 + 10 - 14)?
12
What is 10 + -2 + -1 - (75 + -76)?
8
What is 0 + -12 + 6 + -5 - -4?
-7
0 + -3 + (-77 - -106)
26
What is -9 + 13 - 32 - (-2 - 5)?
-21
Evaluate 11 + -5 + -11 - -17.
12
3 - -1 - (39 + 16 + -50)
-1
What is -358 + 362 - (-1 - -2)?
3
Evaluate 28 - ((37 - 3) + -23).
17
What is 16 - (-34 + 86) - -67?
31
What is the value of (-10 - -14 - (2 - 2)) + (1 - 16)?
-11
What is -12 + (15 - -7 - 3)?
7
Evaluate (-2 - -5 - -5) + -5 + 11.
14
Calculate (5 - ((1 - -4) + -1)) + -4 + 4.
1
Evaluate 17 + -24 + (28 + 0 - 2) + -5.
14
What is 9 + (6 - (2 + -5 - -8))?
10
Calculate -22 + -3 + -4 + 14.
-15
What is the value of 18 - (2 - 0 - 7 - -9)?
14
Evaluate (-44 - -4) + 23 + 29.
12
Evaluate -20 + 23 - 9 - 10.
-16
10 + -27 + 6 + 1 - -29
19
What is -25 + -4 + (13 - -38)?
22
What is 13 - (-7 + (20 - 4))?
4
Calculate (-19 - -2 - -6) + (24 - 37).
-24
What is -15 + 21 - -13 - 11?
8
What is the value of (6 - ((4 - 3 - 2) + 4)) + -1?
2
What is (63 - 66) + (2 - -3 - -1)?
3
Calculate 15 + -26 + 14 + -5 + 14.
12
What is 1 - 8 - (-10 - (-41 - -17) - 9)?
-12
2 - (-1 + (0 - -10) + (-580 - -571))
2
20 + -34 + -12 - -28
2
Calculate (-3 - -15) + -9 + 9 + -2.
10
Calculate 14 + 1 - (81 - 85) - 11.
8
What is 21 + -3 - (7 + -1 - (3 - 1))?
14
What is 6 - (1 - (11 + -7 - 22))?
-13
What is -16 + (9 - 11 - -10) + -5?
-13
What is the value of -4 - (-32 + 4 + 10)?
14
What is the value of -13 + (-4 - -18 - 1) - (-3 + -1)?
4
Calculate -6 - (47 + -9 + -25).
-19
Evaluate -5 - (-4 + -7 + (14 - 6 - 0)).
-2
What is the value of (1 + -24 - (806 - 806)) + 0 + -4?
-27
Calculate (-25 - 7) + -21 + 27 + 4 + -1.
-23
-15 - -7 - ((-14 - -6) + 2)
-2
Evaluate (46 - 20) + -17 + -10.
-1
Evaluate (4 - 2) + 9 + (-2 - -4) + -1.
12
Evaluate -67 + 84 - (19 - 2).
0
Evaluate -10 - (2 - (1 + (-5 - (-6 + 1)))).
-11
What is the value of 19 - (1 + -15 - (-14 + -4))?
15
Evaluate 7 - (6 + -3) - -2 - 1.
5
What is 9 - (-36 + 42) - (-1 + 13)?
-9
Calculate 45 + 2 + 1 + -12 + 7 + -12.
31
What is (-4 - -12 - 7) + 0 + (6 - 4)?
3
What is the value of 2 - (-73 - (-30 + -8))?
37
Evaluate -25 - ((0 - 8) + 5).
-22
Calculate 6 - (8 + -16 - -5).
9
Calculate (-128 - -153) + 0 + 5 + -1.
29
What is -5 - (-14 + 23 + 12)?
-26
Evaluate -2 - -40 - (179 + -163).
22
Evaluate 20 - 12 - 15 - (-3 + -1).
-3
What is -19 + (-14 + -2 - -5 - -2)?
-28
What is the value of 6 - (-16 + (-1 - -4) - -5)?
14
2 + -3 - ((23 - (-3 + 15)) + -5)
-7
5 + (-21 - -12) - 10 - -6
-8
What is the value of -6 + (20 - 34) - -17?
-3
What is -1 - (-2 - -4 - 10)?
7
What is the value of -8 + (0 + -6 - (-237 + 245))?
-22
Calculate (-2 - -12) + 4 + (-14 - -12).
12
Evaluate 2 + (2 + -5 + (-7 - -4) - -8).
4
What is the value of (4 - -4) + 0 + -12?
-4
-15 - (26 - 12 - (8 - -35))
14
What is -12 - (-1 + -47 - (10 - -2 - 16))?
32
Calculate 4 + 2 + (-26 - -9) + -2.
-13
What is the value of 0 + 46 + 0 - (-11028 - -11047)?
27
What is the value of 134 + -127 + (3 - (22 - 1))?
-11
Evaluate 8 + -12 + -5 + 6 - (1 + -7).
3
What is (3 + -32 - 0) + 43 + -35?
-21
What is 4 - ((-7 + -2 - -2) + 0)?
11
-5 + 0 - (2 - -6) - (-14 - -4)
-3
What is the value of 3 + (-9 - (27 + -18))?
-15
Calculate 10 - (-1 - (8 + -7)).
12
16 - 6 - 1 - (35 - 8)
-18
Evaluate (3 - -4) + -17 - (-7 + 1 + -1).
-3
6 + 3 - (2 + 3) - (-3 + 9)
-2
What is the value of 1 - 6 - 1 - (-21 + 12)?
3
Evaluate -6 - (-14 + 10 - 6 - (-1 + -2)).
1
What is -1 - (2 - (2 + -2 + 1)) - 3?
-5
What is (2 - (-15 - -11) - 10) + -6?
-10
-17 - (-30 + (32 - 15))
-4
What is the value of 27 + (-29 - (22 + -31))?
7
What is (7 - -7) + -13 + 1?
2
What is the value of 20 + -18 + 0 - 7?
-5
What is the value of 4 + 8 + -8 + 9?
13
What is 9 + (-4 - (-2 - -2 - (11 - 13)))?
3
Evaluate (6 - -2) + (75 - 90).
-7
Evaluate -21 + 62 + (30 - 67).
4
Calculate -16 + 19 + (-12 - -15).
6
What is the value of (25 - 33) + (-1 - -12) - -4?
7
Evaluate -16 + 49 + -26 + (-1 - -6 - 0).
12
Evaluate -1 + 11 + (26 - (-34 + 79)).
-9
What is -10 - (-7 - (-13 + 22))?
6
Calculate -6 - ((10 - 15) + -10).
9
What is (-9 - -11) + 6 + 2 + -19 - -27?
18
Evaluate 4 - (23 + -39 - -17).
3
What is the value of (11 - (9 + 7 + -9)) + -14?
-10
What is (5 - -18) + -1 + -3 + -3 + -2?
14
36 + (-50 - (-11 + -10))
7
Calculate -10 + 5 + -6 + -23 + 53.
19
What is -2 + (7 - 15 - (-1 + -5)) - 1?
-5
-1 + -10 + 27 + -33 + 32
15
What is the value of 32 - (-12 - (-64 - -24))?
4
What is (-8 - 24) + 46 - 35?
-21
What is the value of -4 + 13 + (-13 - 4) + -3?
-11
What is the value of -8 - (-10 + (3 - -7) - 3)?
-5
Calculate -11 - (-42 - (26 - 38)).
19
What is -214 + 203 + (1 - -28) + -12?
6
Evaluate 0 - 12 - (-2 - (12 + (1 - 16))).
-13
What is -4 - (-7 - (-12 + 1 + (-2 - 3)))?
-13
Calculate 6 - 3 - 5 - -20.
18
What is 1 - 1 - ((-1 - -10) + 0)?
-9
Calculate -40 + -1 - (758 - 787).
-12
What is -30 + (-6 - (1 + -15)) + 2?
-20
Evaluate -6 + (-1 - (11 - 18)).
0
What is the value of (10 + -25 - -7 - (-23 - -2)) + 0?
13
What is 25 + (5 - 12) + -3 + -17?
-2
What is the value of (6 - 3) + 14 - (33 + -12 + -31)?
27
3 + -6 - 5 - (31 - 15 - 34)
10
What is the value of -24 - (-8 + -14 + 7)?
-9
What is (51 - 51) + (-14 - -4)?
-10
(-8 - (-24 - -4)) + -14
-2
What is -14 - ((6 - (-3 + 10 + 3)) + 3)?
-13
What is the value of 1 + 14 - (-38 + -24 - -97)?
-20
What is -4 - -16 - (-4 - -8 - -4)?
4
What is 7 - (50 - (-3 + 8 - (-52 + 49)))?
-35
What is the value of -6 + 39 + -6 + -15?
12
-1 + (1 - 0) + 3
3
Calculate (22 - 1) + (439 - 466).
-6
320 + -310 - (0 + (10 - -2))
-2
(-19 - 1) + (30 - -3 - 29)
-16
What is (-9 - -10 - 15) + 15?
1
(3 - 4) + (-7 + 10 - 4 - -18)
16
What is 9 - ((3 - 4 - 5) + 5)?
10
Calculate -10 + 8 - (3 + 1) - -21.
15
Evaluate 3 - (-7 - (-16 + 7)).
1
What is (2 - 1 - 1) + -11 + 23?
12
Calculate 11 - (9 - (-6 - -2)).
-2
What is the value of -1 + 16 + (-11 - 14)?
-10
What is 1 + 3 + 2 + (-10 - 6)?
-10
What is (2 + 0 - 6) + 32 + (-58 - -18)?
-12
Evaluate (39 - 14) + 26 + -50.
1
What is the value of -4 + 1 + -4 - (-46 - -29)?
10
-22 + -4 + 14 + 20
8
-2 - 17 - (7 + (1 - 1) + -3)
-23
What is the value of -31 - (-63 - (-27 - 2))?
3
Evaluate 0 + (-15 - -20 - 5) + -26.
-26
-7 + 10 + (0 - 8) + 49 + -45
-1
Calculate (-2 - -1 - -7) + (-13 - -16).
9
What is -26 - (-15 + -23 + 16)?
-4
What is (5 - -23) + -21 + 5?
12
-60 + (-7 + 31 - -13)
-23
Calculate -38 - (-21 + -31 + 34).
-20
What is the value of 12 - (-1 - -2) - (82 - 142 - -56)?
15
What i